{"id":1220,"date":"2025-10-23T11:16:21","date_gmt":"2025-10-23T14:16:21","guid":{"rendered":"https:\/\/xn--leituraobrigatria-tyb.com\/?page_id=1220"},"modified":"2025-10-23T11:16:23","modified_gmt":"2025-10-23T14:16:23","slug":"termos-de-uso","status":"publish","type":"page","link":"https:\/\/leituraobrigat\u00f3ria.com\/?page_id=1220","title":{"rendered":"Termos de Uso"},"content":{"rendered":"\n<p>Ao acessar o site Leitura Obrigat\u00f3ria, voc\u00ea concorda com os termos e condi\u00e7\u00f5es descritos abaixo.<\/p>\n\n\n\n<p>O conte\u00fado deste site \u00e9 informativo e n\u00e3o substitui aconselhamento profissional.<br>As opini\u00f5es expressas nas resenhas refletem interpreta\u00e7\u00f5es pessoais dos livros e n\u00e3o garantem resultados financeiros, espirituais ou de qualquer natureza.<\/p>\n\n\n\n<p>A Leitura Obrigat\u00f3ria n\u00e3o se responsabiliza por eventuais mudan\u00e7as nos pre\u00e7os, disponibilidade ou pol\u00edticas da Amazon ou outros parceiros afiliados.<\/p>\n\n\n\n<p>Reservamo-nos o direito de alterar estas condi\u00e7\u00f5es a qualquer momento, sem aviso pr\u00e9vio.<\/p>\n","protected":false},"excerpt":{"rendered":"<p>Ao acessar o site Leitura Obrigat\u00f3ria, voc\u00ea concorda com os termos e condi\u00e7\u00f5es descritos abaixo. O conte\u00fado deste site \u00e9 informativo e n\u00e3o substitui aconselhamento profissional.As opini\u00f5es expressas nas resenhas refletem interpreta\u00e7\u00f5es pessoais dos livros e n\u00e3o garantem resultados financeiros, espirituais ou de qualquer natureza. A Leitura Obrigat\u00f3ria n\u00e3o se responsabiliza por eventuais mudan\u00e7as nos [&hellip;]<\/p>\n","protected":false},"author":1,"featured_media":0,"parent":0,"menu_order":0,"comment_status":"closed","ping_status":"closed","template":"","meta":{"_uag_custom_page_level_css":"","footnotes":""},"class_list":["post-1220","page","type-page","status-publish","hentry"],"_hostinger_reach_plugin_has_subscription_block":false,"_hostinger_reach_plugin_is_elementor":false,"uagb_featured_image_src":{"full":false,"thumbnail":false,"medium":false,"medium_large":false,"large":false,"1536x1536":false,"2048x2048":false,"woocommerce_thumbnail":false,"woocommerce_single":false,"woocommerce_gallery_thumbnail":false},"uagb_author_info":{"display_name":"Maicon Roberto","author_link":"https:\/\/leituraobrigat\u00f3ria.com\/author\/escolaesekgmail-com"},"uagb_comment_info":0,"uagb_excerpt":"Ao acessar o site Leitura Obrigat\u00f3ria, voc\u00ea concorda com os termos e condi\u00e7\u00f5es descritos abaixo. O conte\u00fado deste site \u00e9 informativo e n\u00e3o substitui aconselhamento profissional.As opini\u00f5es expressas nas resenhas refletem interpreta\u00e7\u00f5es pessoais dos livros e n\u00e3o garantem resultados financeiros, espirituais ou de qualquer natureza. A Leitura Obrigat\u00f3ria n\u00e3o se responsabiliza por eventuais mudan\u00e7as nos&hellip;","_links":{"self":[{"href":"https:\/\/leituraobrigat\u00f3ria.com\/index.php?rest_route=\/wp\/v2\/pages\/1220","targetHints":{"allow":["GET"]}}],"collection":[{"href":"https:\/\/leituraobrigat\u00f3ria.com\/index.php?rest_route=\/wp\/v2\/pages"}],"about":[{"href":"https:\/\/leituraobrigat\u00f3ria.com\/index.php?rest_route=\/wp\/v2\/types\/page"}],"author":[{"embeddable":true,"href":"https:\/\/leituraobrigat\u00f3ria.com\/index.php?rest_route=\/wp\/v2\/users\/1"}],"replies":[{"embeddable":true,"href":"https:\/\/leituraobrigat\u00f3ria.com\/index.php?rest_route=%2Fwp%2Fv2%2Fcomments&post=1220"}],"version-history":[{"count":1,"href":"https:\/\/leituraobrigat\u00f3ria.com\/index.php?rest_route=\/wp\/v2\/pages\/1220\/revisions"}],"predecessor-version":[{"id":1221,"href":"https:\/\/leituraobrigat\u00f3ria.com\/index.php?rest_route=\/wp\/v2\/pages\/1220\/revisions\/1221"}],"wp:attachment":[{"href":"https:\/\/leituraobrigat\u00f3ria.com\/index.php?rest_route=%2Fwp%2Fv2%2Fmedia&parent=1220"}],"curies":[{"name":"wp","href":"https:\/\/api.w.org\/{rel}","templated":true}]}}